ors of 111599?
111599
What are the prime factors of 2948318?
2, 1474159
List the prime factors of 632747.
632747
What are the prime factors of 343299?
3, 11, 101, 103
List the prime factors of 411461.
479, 859
What are the prime factors of 176104?
2, 22013
List the prime factors of 231984.
2, 3, 179
List the prime factors of 217945.
5, 7, 13, 479
What are the prime factors of 36370615?
5, 67, 151, 719
List the prime factors of 787272.
2, 3, 32803
List the prime factors of 191731.
109, 1759
List the prime factors of 3706872.
2, 3, 13, 109
What are the prime factors of 10449316?
2, 19, 137491
List the prime factors of 8570714.
2, 4285357
What are the prime factors of 5999799?
3, 13, 153841
What are the prime factors of 530920?
2, 5, 13, 1021
What are the prime factors of 441794?
2, 220897
What are the prime factors of 5083754?
2, 13, 19, 41, 251
List the prime factors of 124393.
19, 6547
List the prime factors of 5776427.
23, 251149
List the prime factors of 2486413.
137, 18149
What are the prime factors of 747572?
2, 7, 26699
What are the prime factors of 412800?
2, 3, 5, 43
What are the prime factors of 630597?
3, 11, 97, 197
What are the prime factors of 3404025?
3, 5, 41
List the prime factors of 2944184.
2, 23, 16001
List the prime factors of 489864.
2, 3, 20411
What are the prime factors of 3356974?
2, 157, 10691
What are the prime factors of 324646?
2, 7, 23189
List the prime factors of 9219469.
7, 1317067
What are the prime factors of 155314?
2, 79, 983
List the prime factors of 247837.
139, 1783
What are the prime factors of 11004896?
2, 7, 73, 673
What are the prime factors of 20866542?
2, 3, 3477757
List the prime factors of 9712396.
2, 2428099
What are the prime factors of 81477?
3, 11, 823
List the prime factors of 878662.
2, 17, 43, 601
List the prime factors of 223642.
2, 111821
List the prime factors of 255285.
3, 5, 31, 61
List the prime factors of 7979776.
2, 7, 61, 73
What are the prime factors of 284951?
67, 4253
List the prime factors of 427471.
11, 38861
List the prime factors of 539688.
2, 3, 113, 199
What are the prime factors of 104672?
2, 3271
List the prime factors of 3789189.
3, 19, 22159
What are the prime factors of 4900041?
3, 127, 1429
List the prime factors of 3339845.
5, 131, 5099
List the prime factors of 263751.
3, 87917
What are the prime factors of 25318606?
2, 12659303
What are the prime factors of 889138?
2, 444569
List the prime factors of 52175.
5, 2087
List the prime factors of 18111457.
7, 13, 29, 6863
What are the prime factors of 224989?
47, 4787
List the prime factors of 38095.
5, 19, 401
List the prime factors of 15726553.
15726553
What are the prime factors of 8393986?
2, 4196993
List the prime factors of 129069.
3, 14341
List the prime factors of 6307091.
7, 901013
What are the prime factors of 2512143?
3, 279127
What are the prime factors of 136872?
2, 3, 1901
List the prime factors of 11241.
3, 1249
What are the prime factors of 215368?
2, 26921
List the prime factors of 110426.
2, 55213
List the prime factors of 6521787.
3, 724643
List the prime factors of 554256.
2, 3, 1283
What are the prime factors of 36576120?
2, 3, 5, 7, 43543
List the prime factors of 806680.
2, 5, 7, 43, 67
List the prime factors of 1241757.
3, 11, 37, 113
List the prime factors of 82563.
3, 13, 29, 73
What are the prime factors of 13902?
2, 3, 7, 331
List the prime factors of 6106171.
41, 148931
List the prime factors of 2004037.
7, 67, 4273
What are the prime factors of 1789925?
5, 71597
List the prime factors of 259030.
2, 5, 25903
What are the prime factors of 9968761?
11, 607, 1493
List the prime factors of 135757.
135757
What are the prime factors of 268026?
2, 3, 11, 31, 131
What are the prime factors of 15492063?
3, 5164021
What are the prime factors of 3726429?
3, 7, 61, 2909
What are the prime factors of 12650546?
2, 61, 97, 1069
What are the prime factors of 621723?
3, 207241
What are the prime factors of 285575?
5, 11423
List the prime factors of 449189.
13, 109, 317
What are the prime factors of 19549773?
3, 2172197
List the prime factors of 20294946.
2, 3, 7, 161071
List the prime factors of 193826.
2, 199, 487
What are the prime factors of 736109?
11, 66919
List the prime factors of 324366.
2, 3, 7, 7723
What are the prime factors of 21296721?
3, 31, 83, 89
What are the prime factors of 1844815?
5, 7, 52709
List the prime factors of 1591042.
2, 379, 2099
What are the prime factors of 6415214?
2, 13, 246739
List the prime factors of 2651545.
5, 13, 19, 113
What are the prime factors of 1751956?
2, 23, 137, 139
List the prime factors of 2100907.
163, 12889
What are the prime factors of 504880?
2, 5, 6311
List the prime factors of 301613.
13, 23201
List the prime factors of 1432710.
2, 3, 5, 15919
What are the prime factors of 333632?
2, 13, 401
List the prime factors of 154546.
2, 7, 19, 83
What are the prime factors of 171987?
3, 57329
List the prime factors of 1387060.
2, 5, 223, 311
What are the prime factors of 2223516?
2, 3, 127, 1459
List the prime factors of 899145.
3, 5, 13, 29, 53
List the prime factors of 1439263.
7, 37, 5557
List the prime factors of 92165.
5, 18433
List the prime factors of 439857.
3, 11, 1481
What are the prime factors of 338628?
2, 3, 28219
List the prime factors of 1399593.
3, 13, 17, 2111
What are the prime factors of 569988?
2, 3, 71, 223
What are the prime factors of 95997?
3, 11, 2909
What are the prime factors of 7833949?
1451, 5399
What are the prime factors of 5972520?
2, 3, 5, 71, 701
List the prime factors of 739499.
19, 38921
What are the prime factors of 353687?
353687
What are the prime factors of 78869?
7, 19, 593
List the prime factors of 3555564.
2, 3, 181, 1637
List the prime factors of 6833377.
47, 145391
List the prime factors of 4753158.
2, 3, 29, 59, 463
What are the prime factors of 363012?
2, 3, 13, 179
List the prime factors of 267822.
2, 3, 14879
What are the prime factors of 1466095?
5, 29, 10111
What are the prime factors of 1026805?
5, 13, 15797
What are the prime factors of 17180?
2, 5, 859
What are the prime factors of 917095?
5, 149, 1231
What are the prime factors of 1929149?
1929149
What are the prime factors of 2076868?
2, 519217
List the prime factors of 6566957.
6566957
What are the prime factors of 107443?
7, 15349
What are the prime factors of 600608?
2, 137
What are the prime factors of 998347?
7, 127, 1123
List the prime factors of 543524.
2, 17, 7993
List the prime factors of 154496.
2, 17, 71
What are the prime factors of 2864603?
7, 47, 8707
What are the prime factors of 347119?
71, 4889
List the prime factors of 134016.
2, 3, 349
What are the prime factors of 16624483?
107, 251, 619
List the prime factors of 5904616.
2, 89, 8293
List the prime factors of 1909736.
2, 23, 97, 107
What are the prime factors of 563473?
37, 97, 157
List the prime factors of 1041182.
2, 17, 113, 271
What are the prime factors of 18630?
2, 3, 5, 23
List the prime factors of 69146.
2, 7, 11, 449
What are the prime factors of 4084143?
3, 7, 194483
List the prime factors of 1661057.
233, 7129
What are the prime factors of 1473103?
1473103
List the prime factors of 483712.
2, 3779
List the prime factors of 175106.
2, 87553
What are the prime factors of 884329?
41, 21569
What are the prime factors of 19255?
5, 3851
List the prime factors of 50037.
3, 13, 1283
What are the prime factors of 116117?
83, 1399
List the prime factors of 508258.
2, 47, 5407
What are the prime factors of 6929803?
53, 2467
List the prime factors of 28516.
2, 7129
What are the prime factors of 142540?
2, 5, 7127
List the prime factors of 46653.
3, 15551
List the prime factors of 667443.
3, 7, 37, 859
What are the prime factors of 17850021?
3, 7, 37, 22973
List the prime factors of 7984502.
2, 3992251
What are the prime factors of 5264943?
3, 199, 8819
List the prime factors of 275409.
3, 71, 431
List the prime factors of 121350.
2, 3, 5, 809
List the prime factors of 180062.
2, 90031
List the prime factors of 627122.
2, 313561
What are the prime factors of 2058562?
2, 11, 137, 683
List the prime factors of 14700219.
3, 89, 55057
List the prime factors of 8915335.
5, 11, 13, 37, 337
List the prime factors of 497254.
2, 248627
What are the prime factors of 1131816?
2, 3, 7, 6737
List t